{"id":155,"date":"2016-02-11T17:29:23","date_gmt":"2016-02-11T16:29:23","guid":{"rendered":"http:\/\/marieetpaula.com\/?page_id=155"},"modified":"2017-11-01T07:29:10","modified_gmt":"2017-11-01T06:29:10","slug":"a-propos","status":"publish","type":"page","link":"https:\/\/www.marieetpaula.com\/index.php\/a-propos\/","title":{"rendered":"A PROPOS"},"content":{"rendered":"<h5 style=\"text-align: justify;\"><strong>Marie<\/strong><\/h5>\n<p style=\"text-align: justify;\">Architecte, dipl\u00f4m\u00e9e de l\u2019Ecole Nationale Sup\u00e9rieure de Paris la Villette en 2009, collabore depuis 7 ans avec l\u2019agence Alain Gignoux. Elle participe \u00e0 diff\u00e9rents projets d\u2019architecture pour des acteurs publics : de groupes scolaires aux b\u00e2timents universitaires, d\u2019immeubles de logements sociaux \u00e0 des H\u00f4tels de Police\u2026 Dans cette petite structure, elle acquiert une autonomie et une exp\u00e9rience riche et vari\u00e9e, du concours au suivi de chantier.<\/p>\n<p style=\"text-align: justify;\">&nbsp;<\/p>\n<h5 style=\"text-align: justify;\"><strong>Paula<\/strong><\/h5>\n<p style=\"text-align: justify;\">Architecte, dipl\u00f4m\u00e9e de l\u2019Universit\u00e9 De Los Andes \u00e0 Bogota en 2002, a collabor\u00e9 en Colombie dans plusieurs agences sp\u00e9cialis\u00e9es en logements et parall\u00e8lement r\u00e9alis\u00e9 des projets personnels pour des clients priv\u00e9s. Arriv\u00e9e en France en 2005, elle int\u00e8gre l\u2019Ecole d\u2019Architecture de Paris Belleville o\u00f9 elle y obtient un DSA Patrimoine et Architecture puis collabore ensuite dans deux agences ACMH et notamment sur la restauration du Pavillon N\u00e9erlandais de la Cit\u00e9 Universitaire. Elle int\u00e8gre ensuite l\u2019agence d\u2019Alain Raynaud o\u00f9 elle poursuit des projets de maisons individuelles sans jamais cesser de r\u00e9pondre \u00e0 des commandes directes pour des clients priv\u00e9s.<\/p>\n<p style=\"text-align: justify;\">&nbsp;<\/p>\n<h5 style=\"text-align: justify;\"><strong>Marie et Paula<\/strong><\/h5>\n<p style=\"text-align: justify;\">Fond\u00e9e en 2015, autour d\u2019une vision commune de l\u2019architecture et de la vie, elles sont sollicit\u00e9es au d\u00e9part par des proches puis elles d\u00e9cident de r\u00e9unir leurs exp\u00e9riences compl\u00e9mentaires et vari\u00e9es.&nbsp;Du conseil en am\u00e9nagement int\u00e9rieur d\u2019un appartement \u00e0 l\u2019extension d\u2019une maison, elles sont \u00e0 l\u2019\u00e9coute des gens, soucieuses de r\u00e9pondre au mieux \u00e0 l\u2019am\u00e9lioration de leur quotidien, aux contraintes propre \u00e0 chacun. Attach\u00e9es \u00e0 l\u2019artisanat et notamment au design du mobilier, elles sont sensibles \u00e0 exploiter au mieux la riche complexit\u00e9 des espaces existants \u00e0 ne n\u00e9gliger aucun d\u00e9tail.<\/p>\n<p>&nbsp;<\/p>\n<p><img decoding=\"async\" loading=\"lazy\" class=\"alignnone size-medium wp-image-333\" src=\"http:\/\/marieetpaula.com\/wp-content\/uploads\/2016\/02\/Marie-240x300.jpg\" alt=\"Marie\" srcset=\"http:\/\/marieetpaula.com\/wp-content\/uploads\/2016\/02\/Marie-240x300.jpg 240w, http:\/\/marieetpaula.com\/wp-content\/uploads\/2016\/02\/Marie-300x375.jpg 300w, http:\/\/marieetpaula.com\/wp-content\/uploads\/2016\/02\/Marie.jpg 560w\" sizes=\"(max-width: 240px) 100vw, 240px\" height=\"300\" width=\"240\"> <img decoding=\"async\" loading=\"lazy\" class=\"alignnone size-medium wp-image-334\" src=\"http:\/\/marieetpaula.com\/wp-content\/uploads\/2016\/02\/Paula-240x300.jpg\" alt=\"Paula\" srcset=\"http:\/\/marieetpaula.com\/wp-content\/uploads\/2016\/02\/Paula-240x300.jpg 240w, http:\/\/marieetpaula.com\/wp-content\/uploads\/2016\/02\/Paula-300x375.jpg 300w, http:\/\/marieetpaula.com\/wp-content\/uploads\/2016\/02\/Paula.jpg 560w\" sizes=\"(max-width: 240px) 100vw, 240px\" height=\"300\" width=\"240\"><\/p>\n","protected":false},"excerpt":{"rendered":"<p>Marie Architecte, dipl\u00f4m\u00e9e de l\u2019Ecole Nationale Sup\u00e9rieure de Paris la Villette en 2009, collabore depuis 7 ans avec l\u2019agence Alain Gignoux. Elle participe \u00e0 diff\u00e9rents projets d\u2019architecture pour des acteurs publics : de groupes scolaires aux b\u00e2timents universitaires, d\u2019immeubles de logements sociaux \u00e0 des H\u00f4tels de Police\u2026 Dans cette petite structure, elle acquiert une autonomie et une exp\u00e9rience riche et vari\u00e9e, du concours au suivi de chantier. &nbsp; Paula Architecte,&#8230;<\/p>\n","protected":false},"author":1,"featured_media":0,"parent":0,"menu_order":0,"comment_status":"closed","ping_status":"closed","template":"template-fullwidth.php","meta":[],"_links":{"self":[{"href":"https:\/\/www.marieetpaula.com\/index.php\/wp-json\/wp\/v2\/pages\/155"}],"collection":[{"href":"https:\/\/www.marieetpaula.com\/index.php\/wp-json\/wp\/v2\/pages"}],"about":[{"href":"https:\/\/www.marieetpaula.com\/index.php\/wp-json\/wp\/v2\/types\/page"}],"author":[{"embeddable":true,"href":"https:\/\/www.marieetpaula.com\/index.php\/wp-json\/wp\/v2\/users\/1"}],"replies":[{"embeddable":true,"href":"https:\/\/www.marieetpaula.com\/index.php\/wp-json\/wp\/v2\/comments?post=155"}],"version-history":[{"count":16,"href":"https:\/\/www.marieetpaula.com\/index.php\/wp-json\/wp\/v2\/pages\/155\/revisions"}],"predecessor-version":[{"id":326,"href":"https:\/\/www.marieetpaula.com\/index.php\/wp-json\/wp\/v2\/pages\/155\/revisions\/326"}],"wp:attachment":[{"href":"https:\/\/www.marieetpaula.com\/index.php\/wp-json\/wp\/v2\/media?parent=155"}],"curies":[{"name":"wp","href":"https:\/\/api.w.org\/{rel}","templated":true}]}}

<h5 style="text-align: justify;"><strong>Marie</strong></h5>
<p style="text-align: justify;">Architecte, diplômée de l’Ecole Nationale Supérieure de Paris la Villette en 2009, collabore depuis 7 ans avec l’agence Alain Gignoux. Elle participe à différents projets d’architecture pour des acteurs publics : de groupes scolaires aux bâtiments universitaires, d’immeubles de logements sociaux à des Hôtels de Police… Dans cette petite structure, elle acquiert une autonomie et une expérience riche et variée, du concours au suivi de chantier.</p>
<p style="text-align: justify;">&nbsp;</p>
<h5 style="text-align: justify;"><strong>Paula</strong></h5>
<p style="text-align: justify;">Architecte, diplômée de l’Université De Los Andes à Bogota en 2002, a collaboré en Colombie dans plusieurs agences spécialisées en logements et parallèlement réalisé des projets personnels pour des clients privés. Arrivée en France en 2005, elle intègre l’Ecole d’Architecture de Paris Belleville où elle y obtient un DSA Patrimoine et Architecture puis collabore ensuite dans deux agences ACMH et notamment sur la restauration du Pavillon Néerlandais de la Cité Universitaire. Elle intègre ensuite l’agence d’Alain Raynaud où elle poursuit des projets de maisons individuelles sans jamais cesser de répondre à des commandes directes pour des clients privés.</p>
<p style="text-align: justify;">&nbsp;</p>
<h5 style="text-align: justify;"><strong>Marie et Paula</strong></h5>
<p style="text-align: justify;">Fondée en 2015, autour d’une vision commune de l’architecture et de la vie, elles sont sollicitées au départ par des proches puis elles décident de réunir leurs expériences complémentaires et variées.&nbsp;Du conseil en aménagement intérieur d’un appartement à l’extension d’une maison, elles sont à l’écoute des gens, soucieuses de répondre au mieux à l’amélioration de leur quotidien, aux contraintes propre à chacun. Attachées à l’artisanat et notamment au design du mobilier, elles sont sensibles à exploiter au mieux la riche complexité des espaces existants à ne négliger aucun détail.</p>
<p>&nbsp;</p>
<p><img decoding="async" loading="lazy" class="alignnone size-medium wp-image-333" src="http://marieetpaula.com/wp-content/uploads/2016/02/Marie-240x300.jpg" alt="Marie" srcset="http://marieetpaula.com/wp-content/uploads/2016/02/Marie-240x300.jpg 240w, http://marieetpaula.com/wp-content/uploads/2016/02/Marie-300x375.jpg 300w, http://marieetpaula.com/wp-content/uploads/2016/02/Marie.jpg 560w" sizes="(max-width: 240px) 100vw, 240px" height="300" width="240"> <img decoding="async" loading="lazy" class="alignnone size-medium wp-image-334" src="http://marieetpaula.com/wp-content/uploads/2016/02/Paula-240x300.jpg" alt="Paula" srcset="http://marieetpaula.com/wp-content/uploads/2016/02/Paula-240x300.jpg 240w, http://marieetpaula.com/wp-content/uploads/2016/02/Paula-300x375.jpg 300w, http://marieetpaula.com/wp-content/uploads/2016/02/Paula.jpg 560w" sizes="(max-width: 240px) 100vw, 240px" height="300" width="240"></p>

<p>Marie Architecte, diplômée de l’Ecole Nationale Supérieure de Paris la Villette en 2009, collabore depuis 7 ans avec l’agence Alain Gignoux. Elle participe à différents projets d’architecture pour des acteurs publics : de groupes scolaires aux bâtiments universitaires, d’immeubles de logements sociaux à des Hôtels de Police… Dans cette petite structure, elle acquiert une autonomie et une expérience riche et variée, du concours au suivi de chantier. &nbsp; Paula Architecte,&#8230;</p>
