{"id":509,"date":"2015-10-16T17:53:20","date_gmt":"2015-10-16T16:53:20","guid":{"rendered":"http:\/\/marieetpaula.com\/?page_id=509"},"modified":"2021-08-04T06:32:29","modified_gmt":"2021-08-04T05:32:29","slug":"appartement-marche-popincourt","status":"publish","type":"page","link":"https:\/\/www.marieetpaula.com\/index.php\/etude-chantier\/appartement-marche-popincourt\/","title":{"rendered":"Appartement March\u00e9 Popincourt"},"content":{"rendered":"<h3 class=\"widget-title\">APPARTEMENT MARCHE POPINCOURT &#8211; PARIS 11\u00b0<\/h3>\n<p>Ma\u00eetrise d\u2019ouvrage&nbsp;: Priv\u00e9e&nbsp; \/\/ Calendrier&nbsp;:&nbsp;livr\u00e9 en 2020 \/\/ <strong>Programme&nbsp;:<\/strong><strong>R\u00e9-am\u00e9nagement d&rsquo;une partie de l&rsquo;appartement: agrandissement de la cuisine, agrandissement de la chambre d&rsquo;enfant vers l&rsquo;\u00e9tage, cr\u00e9ation d&rsquo;une biblioth\u00e8que sur-mesure<\/strong><\/p>\n<p><!-- meta slider --><\/p>\n<ul class=\"slides\">\n<li style=\"display: block; width: 100%;\" class=\"slide-514 ms-image\"><img decoding=\"async\" loading=\"lazy\" src=\"http:\/\/marieetpaula.com\/wp-content\/uploads\/2017\/10\/01-Cuisine1.2.jpg\" alt=\"\" class=\"slider-513 slide-514\" style=\"margin: 0 auto; width: 54.029971648441%\" width=\"1200\" height=\"800\"><\/li>\n<li style=\"display: none; width: 100%;\" class=\"slide-515 ms-image\"><img decoding=\"async\" loading=\"lazy\" src=\"http:\/\/marieetpaula.com\/wp-content\/uploads\/2017\/10\/02-MontageCuisine.jpg\" alt=\"\" class=\"slider-513 slide-515\" style=\"margin: 0 auto; width: 89.8%\" width=\"1200\" height=\"800\"><\/li>\n<li style=\"display: none; width: 100%;\" class=\"slide-516 ms-image\"><img decoding=\"async\" loading=\"lazy\" src=\"http:\/\/marieetpaula.com\/wp-content\/uploads\/2017\/10\/03_67B9561.jpg\" alt=\"\" class=\"slider-513 slide-516\" style=\"margin: 0 auto; width: 99.950024987506%\" width=\"1200\" height=\"800\"><\/li>\n<li style=\"display: none; width: 100%;\" class=\"slide-517 ms-image\"><img decoding=\"async\" loading=\"lazy\" src=\"http:\/\/marieetpaula.com\/wp-content\/uploads\/2017\/10\/04-MontageCuisine2.jpg\" alt=\"\" class=\"slider-513 slide-517\" style=\"margin: 0 auto; width: 89.866666666667%\" width=\"1200\" height=\"800\"><\/li>\n<li style=\"display: none; width: 100%;\" class=\"slide-518 ms-image\"><img decoding=\"async\" loading=\"lazy\" src=\"http:\/\/marieetpaula.com\/wp-content\/uploads\/2017\/10\/05-MontageEntre\u0301e.jpg\" alt=\"\" class=\"slider-513 slide-518\" style=\"margin: 0 auto; width: 89.866666666667%\" width=\"1200\" height=\"800\"><\/li>\n<li style=\"display: none; width: 100%;\" class=\"slide-519 ms-image\"><img decoding=\"async\" loading=\"lazy\" src=\"http:\/\/marieetpaula.com\/wp-content\/uploads\/2017\/10\/06-MontageSimon-2.jpg\" alt=\"\" class=\"slider-513 slide-519\" style=\"margin: 0 auto; width: 99.933333333333%\" width=\"1200\" height=\"800\"><\/li>\n<li style=\"display: none; width: 100%;\" class=\"slide-535 ms-image\"><img decoding=\"async\" loading=\"lazy\" src=\"http:\/\/marieetpaula.com\/wp-content\/uploads\/2017\/10\/07-Chambre-Simon2.jpg\" alt=\"\" class=\"slider-513 slide-535\" style=\"margin: 0 auto; width: 48.972099853157%\" width=\"1200\" height=\"800\"><\/li>\n<li style=\"display: none; width: 100%;\" class=\"slide-520 ms-image\"><img decoding=\"async\" loading=\"lazy\" src=\"http:\/\/marieetpaula.com\/wp-content\/uploads\/2017\/10\/07_67B9546.jpg\" alt=\"\" class=\"slider-513 slide-520\" style=\"margin: 0 auto; width: 99.950024987506%\" width=\"1200\" height=\"800\"><\/li>\n<li style=\"display: none; width: 100%;\" class=\"slide-521 ms-image\"><img decoding=\"async\" loading=\"lazy\" src=\"http:\/\/marieetpaula.com\/wp-content\/uploads\/2017\/10\/08-MontageSimon-3.jpg\" alt=\"\" class=\"slider-513 slide-521\" style=\"margin: 0 auto; width: 89.866666666667%\" width=\"1200\" height=\"800\"><\/li>\n<li style=\"display: none; width: 100%;\" class=\"slide-522 ms-image\"><img decoding=\"async\" loading=\"lazy\" src=\"http:\/\/marieetpaula.com\/wp-content\/uploads\/2017\/10\/09_67B9544.jpg\" alt=\"\" class=\"slider-513 slide-522\" style=\"margin: 0 auto; width: 99.950024987506%\" width=\"1200\" height=\"800\"><\/li>\n<li style=\"display: none; width: 100%;\" class=\"slide-523 ms-image\"><img decoding=\"async\" loading=\"lazy\" src=\"http:\/\/marieetpaula.com\/wp-content\/uploads\/2017\/10\/10-MontageEtage.jpg\" alt=\"\" class=\"slider-513 slide-523\" style=\"margin: 0 auto; width: 89.933333333333%\" width=\"1200\" height=\"800\"><\/li>\n<li style=\"display: none; width: 100%;\" class=\"slide-524 ms-image\"><img decoding=\"async\" loading=\"lazy\" src=\"http:\/\/marieetpaula.com\/wp-content\/uploads\/2017\/10\/11_67B9540.jpg\" alt=\"\" class=\"slider-513 slide-524\" style=\"margin-top: 6.9965416334131%\" width=\"1200\" height=\"800\"><\/li>\n<li style=\"display: none; width: 100%;\" class=\"slide-525 ms-image\"><img decoding=\"async\" loading=\"lazy\" src=\"http:\/\/marieetpaula.com\/wp-content\/uploads\/2017\/10\/12_67B9537.jpg\" alt=\"\" class=\"slider-513 slide-525\" style=\"margin: 0 auto; width: 99.950024987506%\" width=\"1200\" height=\"800\"><\/li>\n<\/ul>\n<p><script type=\"text\/javascript\">\nvar metaslider_513 = function($) {\n$('#metaslider_513').addClass('flexslider'); \/\/ theme\/plugin conflict avoidance\n$('#metaslider_513').flexslider({ \nslideshowSpeed:3000,\nanimation:\"fade\",\ncontrolNav:false,\ndirectionNav:true,\npauseOnHover:true,\ndirection:\"horizontal\",\nreverse:false,\nanimationSpeed:600,\nprevText:\"&lt;\",\nnextText:\"&gt;\",\nslideshow:true\n});\n};\nvar timer_metaslider_513 = function() {\nvar slider = !window.jQuery ? window.setTimeout(timer_metaslider_513, 100) : !jQuery.isReady ? window.setTimeout(timer_metaslider_513, 1) : metaslider_513(window.jQuery);\n};\ntimer_metaslider_513();\n<\/script><br \/>\n<!--\/\/ meta slider--><\/p>\n","protected":false},"excerpt":{"rendered":"<p>APPARTEMENT MARCHE POPINCOURT &#8211; PARIS 11\u00b0 Ma\u00eetrise d\u2019ouvrage&nbsp;: Priv\u00e9e&nbsp; \/\/ Calendrier&nbsp;:&nbsp;livr\u00e9 en 2020 \/\/ Programme&nbsp;:R\u00e9-am\u00e9nagement d&rsquo;une partie de l&rsquo;appartement: agrandissement de la cuisine, agrandissement de la chambre d&rsquo;enfant vers l&rsquo;\u00e9tage, cr\u00e9ation d&rsquo;une biblioth\u00e8que sur-mesure<\/p>\n","protected":false},"author":1,"featured_media":524,"parent":18,"menu_order":0,"comment_status":"closed","ping_status":"closed","template":"template-fullwidth.php","meta":[],"_links":{"self":[{"href":"https:\/\/www.marieetpaula.com\/index.php\/wp-json\/wp\/v2\/pages\/509"}],"collection":[{"href":"https:\/\/www.marieetpaula.com\/index.php\/wp-json\/wp\/v2\/pages"}],"about":[{"href":"https:\/\/www.marieetpaula.com\/index.php\/wp-json\/wp\/v2\/types\/page"}],"author":[{"embeddable":true,"href":"https:\/\/www.marieetpaula.com\/index.php\/wp-json\/wp\/v2\/users\/1"}],"replies":[{"embeddable":true,"href":"https:\/\/www.marieetpaula.com\/index.php\/wp-json\/wp\/v2\/comments?post=509"}],"version-history":[{"count":8,"href":"https:\/\/www.marieetpaula.com\/index.php\/wp-json\/wp\/v2\/pages\/509\/revisions"}],"predecessor-version":[{"id":935,"href":"https:\/\/www.marieetpaula.com\/index.php\/wp-json\/wp\/v2\/pages\/509\/revisions\/935"}],"up":[{"embeddable":true,"href":"https:\/\/www.marieetpaula.com\/index.php\/wp-json\/wp\/v2\/pages\/18"}],"wp:featuredmedia":[{"embeddable":true,"href":"https:\/\/www.marieetpaula.com\/index.php\/wp-json\/wp\/v2\/media\/524"}],"wp:attachment":[{"href":"https:\/\/www.marieetpaula.com\/index.php\/wp-json\/wp\/v2\/media?parent=509"}],"curies":[{"name":"wp","href":"https:\/\/api.w.org\/{rel}","templated":true}]}}