{"id":895,"date":"2015-01-03T17:00:14","date_gmt":"2015-01-03T16:00:14","guid":{"rendered":"http:\/\/marieetpaula.com\/?page_id=895"},"modified":"2024-08-20T04:48:28","modified_gmt":"2024-08-20T03:48:28","slug":"appartement-avenue-de-vellefaux","status":"publish","type":"page","link":"https:\/\/www.marieetpaula.com\/index.php\/etude-chantier\/appartement-avenue-de-vellefaux\/","title":{"rendered":"Av de Vellefaux &#8211; PARIS 10\u00b0"},"content":{"rendered":"<h3 class=\"widget-title\">Appartement avenue de Vellefaux Paris 10\u00b0<\/h3>\n<p>Ma\u00eetrise d\u2019ouvrage\u00a0: Priv\u00e9e\u00a0 \/\/ Calendrier\u00a0:\u00a0livr\u00e9 en 2020 \/\/ <strong>Programme\u00a0: R\u00e9novation compl\u00e8te d&rsquo;un appartement haussmannien, d\u00e9placement et ouverture de la cuisine sur le salon, r\u00e9am\u00e9nagmeent de l&rsquo;entr\u00e9e&#8230;<br \/>\n<\/strong><\/p>\n<p><!-- meta slider --><\/p>\n<ul class=\"slides\">\n<li style=\"display: block; width: 100%;\" class=\"slide-896 ms-image\"><img decoding=\"async\" loading=\"lazy\" src=\"http:\/\/marieetpaula.com\/wp-content\/uploads\/2021\/08\/Vellefaux-0.jpg\" alt=\"\" class=\"slider-906 slide-896\" style=\"margin-top: 0.43859649122807%\" width=\"1200\" height=\"800\"><\/li>\n<li style=\"display: none; width: 100%;\" class=\"slide-899 ms-image\"><img decoding=\"async\" loading=\"lazy\" src=\"http:\/\/marieetpaula.com\/wp-content\/uploads\/2021\/08\/Vellefaux-3.jpg\" alt=\"\" class=\"slider-906 slide-899\" style=\"margin-top: 0.43859649122807%\" width=\"1200\" height=\"800\"><\/li>\n<li style=\"display: none; width: 100%;\" class=\"slide-900 ms-image\"><img decoding=\"async\" loading=\"lazy\" src=\"http:\/\/marieetpaula.com\/wp-content\/uploads\/2021\/08\/Vellefaux-4.jpg\" alt=\"\" class=\"slider-906 slide-900\" style=\"margin: 0 auto; width: 88.944444444444%\" width=\"1200\" height=\"800\"><\/li>\n<li style=\"display: none; width: 100%;\" class=\"slide-897 ms-image\"><img decoding=\"async\" loading=\"lazy\" src=\"http:\/\/marieetpaula.com\/wp-content\/uploads\/2021\/08\/Vellefaux-1.jpg\" alt=\"\" class=\"slider-906 slide-897\" style=\"margin-top: 0.43859649122807%\" width=\"1200\" height=\"800\"><\/li>\n<li style=\"display: none; width: 100%;\" class=\"slide-902 ms-image\"><img decoding=\"async\" loading=\"lazy\" src=\"http:\/\/marieetpaula.com\/wp-content\/uploads\/2021\/08\/Vellefaux-2.2.jpg\" alt=\"\" class=\"slider-906 slide-902\" style=\"margin-top: 0.43859649122807%\" width=\"1200\" height=\"800\"><\/li>\n<li style=\"display: none; width: 100%;\" class=\"slide-898 ms-image\"><img decoding=\"async\" loading=\"lazy\" src=\"http:\/\/marieetpaula.com\/wp-content\/uploads\/2021\/08\/Vellefaux-2.jpg\" alt=\"\" class=\"slider-906 slide-898\" style=\"margin-top: 0.43859649122807%\" width=\"1200\" height=\"800\"><\/li>\n<li style=\"display: none; width: 100%;\" class=\"slide-903 ms-image\"><img decoding=\"async\" loading=\"lazy\" src=\"http:\/\/marieetpaula.com\/wp-content\/uploads\/2021\/08\/Vellefaux-5.jpg\" alt=\"\" class=\"slider-906 slide-903\" style=\"margin: 0 auto; width: 88.888888888889%\" width=\"1200\" height=\"800\"><\/li>\n<li style=\"display: none; width: 100%;\" class=\"slide-901 ms-image\"><img decoding=\"async\" loading=\"lazy\" src=\"http:\/\/marieetpaula.com\/wp-content\/uploads\/2021\/08\/Vellefaux-6.jpg\" alt=\"\" class=\"slider-906 slide-901\" style=\"margin: 0 auto; width: 96.833333333333%\" width=\"1200\" height=\"800\"><\/li>\n<\/ul>\n<p><script type=\"text\/javascript\">\nvar metaslider_906 = function($) {\n$('#metaslider_906').addClass('flexslider'); \/\/ theme\/plugin conflict avoidance\n$('#metaslider_906').flexslider({ \nslideshowSpeed:3000,\nanimation:\"fade\",\ncontrolNav:false,\ndirectionNav:true,\npauseOnHover:true,\ndirection:\"horizontal\",\nreverse:false,\nanimationSpeed:600,\nprevText:\"<\",\nnextText:\">\",\nslideshow:true\n});\n};\nvar timer_metaslider_906 = function() {\nvar slider = !window.jQuery ? window.setTimeout(timer_metaslider_906, 100) : !jQuery.isReady ? window.setTimeout(timer_metaslider_906, 1) : metaslider_906(window.jQuery);\n};\ntimer_metaslider_906();\n<\/script><br \/>\n<!--\/\/ meta slider--><\/p>\n","protected":false},"excerpt":{"rendered":"<p>Appartement avenue de Vellefaux Paris 10\u00b0 Ma\u00eetrise d\u2019ouvrage\u00a0: Priv\u00e9e\u00a0 \/\/ Calendrier\u00a0:\u00a0livr\u00e9 en 2020 \/\/ Programme\u00a0: R\u00e9novation compl\u00e8te d&rsquo;un appartement haussmannien, d\u00e9placement et ouverture de la cuisine sur le salon, r\u00e9am\u00e9nagmeent de l&rsquo;entr\u00e9e&#8230;<\/p>\n","protected":false},"author":1,"featured_media":900,"parent":18,"menu_order":0,"comment_status":"closed","ping_status":"closed","template":"template-fullwidth.php","meta":[],"_links":{"self":[{"href":"https:\/\/www.marieetpaula.com\/index.php\/wp-json\/wp\/v2\/pages\/895"}],"collection":[{"href":"https:\/\/www.marieetpaula.com\/index.php\/wp-json\/wp\/v2\/pages"}],"about":[{"href":"https:\/\/www.marieetpaula.com\/index.php\/wp-json\/wp\/v2\/types\/page"}],"author":[{"embeddable":true,"href":"https:\/\/www.marieetpaula.com\/index.php\/wp-json\/wp\/v2\/users\/1"}],"replies":[{"embeddable":true,"href":"https:\/\/www.marieetpaula.com\/index.php\/wp-json\/wp\/v2\/comments?post=895"}],"version-history":[{"count":6,"href":"https:\/\/www.marieetpaula.com\/index.php\/wp-json\/wp\/v2\/pages\/895\/revisions"}],"predecessor-version":[{"id":1309,"href":"https:\/\/www.marieetpaula.com\/index.php\/wp-json\/wp\/v2\/pages\/895\/revisions\/1309"}],"up":[{"embeddable":true,"href":"https:\/\/www.marieetpaula.com\/index.php\/wp-json\/wp\/v2\/pages\/18"}],"wp:featuredmedia":[{"embeddable":true,"href":"https:\/\/www.marieetpaula.com\/index.php\/wp-json\/wp\/v2\/media\/900"}],"wp:attachment":[{"href":"https:\/\/www.marieetpaula.com\/index.php\/wp-json\/wp\/v2\/media?parent=895"}],"curies":[{"name":"wp","href":"https:\/\/api.w.org\/{rel}","templated":true}]}}