{"id":908,"date":"2015-01-03T08:00:57","date_gmt":"2015-01-03T07:00:57","guid":{"rendered":"http:\/\/marieetpaula.com\/?page_id=908"},"modified":"2024-08-20T13:07:57","modified_gmt":"2024-08-20T12:07:57","slug":"appartement-rue-daumale","status":"publish","type":"page","link":"https:\/\/www.marieetpaula.com\/index.php\/etude-chantier\/appartement-rue-daumale\/","title":{"rendered":"Appartement rue d&rsquo;Aumale"},"content":{"rendered":"<h3 class=\"widget-title\">Appartement rue d&rsquo;Aumale Paris 9\u00b0<\/h3>\n<p>Ma\u00eetrise d\u2019ouvrage\u00a0: Priv\u00e9e\u00a0 \/\/ Calendrier\u00a0:\u00a0livr\u00e9 en 2021 \/\/ <strong>Programme\u00a0: R\u00e9novation compl\u00e8te d&rsquo;un appartement : ouverture de la cuisine sur le salon, r\u00e9novation de la salle de bain&#8230;<br \/>\n<\/strong><\/p>\n<p><!-- meta slider --><\/p>\n<ul class=\"slides\">\n<li style=\"display: block; width: 100%;\" class=\"slide-909 ms-image\"><img decoding=\"async\" loading=\"lazy\" src=\"http:\/\/marieetpaula.com\/wp-content\/uploads\/2021\/08\/Aumale-1.jpg\" alt=\"\" class=\"slider-918 slide-909\" style=\"margin: 0 auto; width: 59.488399762046%\" width=\"1200\" height=\"800\"><\/li>\n<li style=\"display: none; width: 100%;\" class=\"slide-910 ms-image\"><img decoding=\"async\" loading=\"lazy\" src=\"http:\/\/marieetpaula.com\/wp-content\/uploads\/2021\/08\/Aumale-2.jpg\" alt=\"\" class=\"slider-918 slide-910\" style=\"margin: 0 auto; width: 88.888888888889%\" width=\"1200\" height=\"800\"><\/li>\n<li style=\"display: none; width: 100%;\" class=\"slide-912 ms-image\"><img decoding=\"async\" loading=\"lazy\" src=\"http:\/\/marieetpaula.com\/wp-content\/uploads\/2021\/08\/Aumale-4.jpg\" alt=\"\" class=\"slider-918 slide-912\" style=\"margin: 0 auto; width: 90.222222222222%\" width=\"1200\" height=\"800\"><\/li>\n<li style=\"display: none; width: 100%;\" class=\"slide-911 ms-image\"><img decoding=\"async\" loading=\"lazy\" src=\"http:\/\/marieetpaula.com\/wp-content\/uploads\/2021\/08\/Aumale-3.jpg\" alt=\"\" class=\"slider-918 slide-911\" style=\"margin: 0 auto; width: 100%\" width=\"1200\" height=\"800\"><\/li>\n<li style=\"display: none; width: 100%;\" class=\"slide-914 ms-image\"><img decoding=\"async\" loading=\"lazy\" src=\"http:\/\/marieetpaula.com\/wp-content\/uploads\/2021\/08\/Aumale-6.jpg\" alt=\"\" class=\"slider-918 slide-914\" style=\"margin: 0 auto; width: 90.222222222222%\" width=\"1200\" height=\"800\"><\/li>\n<li style=\"display: none; width: 100%;\" class=\"slide-913 ms-image\"><img decoding=\"async\" loading=\"lazy\" src=\"http:\/\/marieetpaula.com\/wp-content\/uploads\/2021\/08\/Aumale-5.jpg\" alt=\"\" class=\"slider-918 slide-913\" style=\"margin: 0 auto; width: 50.777777777778%\" width=\"1200\" height=\"800\"><\/li>\n<li style=\"display: none; width: 100%;\" class=\"slide-916 ms-image\"><img decoding=\"async\" loading=\"lazy\" src=\"http:\/\/marieetpaula.com\/wp-content\/uploads\/2021\/08\/Aumale-9.jpg\" alt=\"\" class=\"slider-918 slide-916\" style=\"margin: 0 auto; width: 86.055555555556%\" width=\"1200\" height=\"800\"><\/li>\n<li style=\"display: none; width: 100%;\" class=\"slide-915 ms-image\"><img decoding=\"async\" loading=\"lazy\" src=\"http:\/\/marieetpaula.com\/wp-content\/uploads\/2021\/08\/Aumale-8.jpg\" alt=\"\" class=\"slider-918 slide-915\" style=\"margin: 0 auto; width: 88.888888888889%\" width=\"1200\" height=\"800\"><\/li>\n<\/ul>\n<p><script type=\"text\/javascript\">\nvar metaslider_918 = function($) {\n$('#metaslider_918').addClass('flexslider'); \/\/ theme\/plugin conflict avoidance\n$('#metaslider_918').flexslider({ \nslideshowSpeed:3000,\nanimation:\"fade\",\ncontrolNav:false,\ndirectionNav:true,\npauseOnHover:true,\ndirection:\"horizontal\",\nreverse:false,\nanimationSpeed:600,\nprevText:\"<\",\nnextText:\">\",\nslideshow:true\n});\n};\nvar timer_metaslider_918 = function() {\nvar slider = !window.jQuery ? window.setTimeout(timer_metaslider_918, 100) : !jQuery.isReady ? window.setTimeout(timer_metaslider_918, 1) : metaslider_918(window.jQuery);\n};\ntimer_metaslider_918();\n<\/script><br \/>\n<!--\/\/ meta slider--><\/p>\n","protected":false},"excerpt":{"rendered":"<p>Appartement rue d&rsquo;Aumale Paris 9\u00b0 Ma\u00eetrise d\u2019ouvrage\u00a0: Priv\u00e9e\u00a0 \/\/ Calendrier\u00a0:\u00a0livr\u00e9 en 2021 \/\/ Programme\u00a0: R\u00e9novation compl\u00e8te d&rsquo;un appartement : ouverture de la cuisine sur le salon, r\u00e9novation de la salle de bain&#8230;<\/p>\n","protected":false},"author":1,"featured_media":911,"parent":18,"menu_order":0,"comment_status":"closed","ping_status":"closed","template":"template-fullwidth.php","meta":[],"_links":{"self":[{"href":"https:\/\/www.marieetpaula.com\/index.php\/wp-json\/wp\/v2\/pages\/908"}],"collection":[{"href":"https:\/\/www.marieetpaula.com\/index.php\/wp-json\/wp\/v2\/pages"}],"about":[{"href":"https:\/\/www.marieetpaula.com\/index.php\/wp-json\/wp\/v2\/types\/page"}],"author":[{"embeddable":true,"href":"https:\/\/www.marieetpaula.com\/index.php\/wp-json\/wp\/v2\/users\/1"}],"replies":[{"embeddable":true,"href":"https:\/\/www.marieetpaula.com\/index.php\/wp-json\/wp\/v2\/comments?post=908"}],"version-history":[{"count":6,"href":"https:\/\/www.marieetpaula.com\/index.php\/wp-json\/wp\/v2\/pages\/908\/revisions"}],"predecessor-version":[{"id":1239,"href":"https:\/\/www.marieetpaula.com\/index.php\/wp-json\/wp\/v2\/pages\/908\/revisions\/1239"}],"up":[{"embeddable":true,"href":"https:\/\/www.marieetpaula.com\/index.php\/wp-json\/wp\/v2\/pages\/18"}],"wp:featuredmedia":[{"embeddable":true,"href":"https:\/\/www.marieetpaula.com\/index.php\/wp-json\/wp\/v2\/media\/911"}],"wp:attachment":[{"href":"https:\/\/www.marieetpaula.com\/index.php\/wp-json\/wp\/v2\/media?parent=908"}],"curies":[{"name":"wp","href":"https:\/\/api.w.org\/{rel}","templated":true}]}}